{"id":527,"date":"2024-02-21T03:04:24","date_gmt":"2024-02-21T02:04:24","guid":{"rendered":"https:\/\/eurobengale.com\/?page_id=527"},"modified":"2025-12-03T17:23:17","modified_gmt":"2025-12-03T16:23:17","slug":"formations","status":"publish","type":"page","link":"https:\/\/eurobengale.com\/index.php\/formations\/","title":{"rendered":"Formation Artificier"},"content":{"rendered":"\n<p>L&rsquo;objectif est de savoir mettre en \u0153uvre un spectacle pyrotechnique dans le respect des r\u00e8gles de s\u00e9curit\u00e9 et de r\u00e8glementation en vigueur.<\/p>\n\n\n\n<p><\/p>\n\n\n\n<p><\/p>\n\n\n\n<p>Euro Bengale est Organisme de formation au Certificat de qualification F4\/T2 P2 niveaux 1 et 2.<\/p>\n\n\n\n<p>Le certificat de qualification comporte 2 niveaux de formation (niveau 1 et niveau 2) qui d\u00e9terminent les op\u00e9rations autoris\u00e9es au d\u00e9tenteur du certificat. <\/p>\n\n\n\n<p>Les titulaires du certificat de qualification de <strong>niveau 1<\/strong> ne sont pas autoris\u00e9s \u00e0 mettre en \u0153uvre la totalit\u00e9 des artifices de divertissement.<\/p>\n\n\n\n<p>Le certificat de <strong>niveau 2 <\/strong> est d\u00e9livr\u00e9 aux personnes titulaires du certificat de qualification niveau 1 depuis au moins 1 an.<\/p>\n\n\n\n<p>Il permet de mettre en \u0153uvre tous types d&rsquo;artifices de  divertissement&nbsp;<strong>Cat\u00e9gories F4<\/strong><\/p>\n\n\n\n<p>Dur\u00e9e de la formation&nbsp;:<br><strong>Niveau 1<\/strong>&nbsp;: 2 jours effectifs.&nbsp;<br><strong>Niveau 2<\/strong>&nbsp;: 3 jours effectifs compl\u00e9mentaires.<\/p>\n\n\n\n<p>Pour pouvoir s&rsquo;inscrire \u00e0 la formation : <\/p>\n\n\n\n<p>Il faut : <\/p>\n\n\n\n<ul class=\"wp-block-list\">\n<li>Etre titulaire de l\u2019agr\u00e9ment pr\u00e9fectoral pr\u00e9alable (demande \u00e0 faire aupr\u00e8s de la pr\u00e9fecture du d\u00e9partement de r\u00e9sidence, <br>pour les non-r\u00e9sidents, faire la demande aupr\u00e8s de  la pr\u00e9fecture du d\u00e9partement du lieu de formation.<\/li>\n\n\n\n<li>Ce document est \u00e0 demander au minimum 1 mois avant le d\u00e9but de la formation, le stagiaire ne saurai \u00eatre accept\u00e9 sans cet agr\u00e9ment.<\/li>\n<\/ul>\n\n\n\n<ul class=\"wp-block-list\">\n<li>Etre majeur,<\/li>\n<\/ul>\n\n\n\n<ul class=\"wp-block-list\">\n<li>Avoir une bonne condition physique et mentale<\/li>\n<\/ul>\n\n\n\n<ul class=\"wp-block-list\">\n<li>L\u2019acc\u00e8s de cette formation \u00e0 une personne en situation de handicap est soumise \u00e0 l\u2019obligation que cela ne remette pas en cause sa s\u00e9curit\u00e9 et celle des autres (\u00e0 \u00e9valuer au cas par cas).<\/li>\n<\/ul>\n\n\n\n<p>Merci de prendre contact au 03.24.30.62.61 <\/p>\n\n\n\n<p><\/p>\n\n\n\n<div class=\"wp-block-columns is-layout-flex wp-container-core-columns-is-layout-28f84493 wp-block-columns-is-layout-flex\">\n<div class=\"wp-block-column is-layout-flow wp-block-column-is-layout-flow\" style=\"flex-basis:66.66%\">\n<p>Euro Bengale est organisme de formation certifi\u00e9<\/p>\n<\/div>\n\n\n\n<div class=\"wp-block-column is-layout-flow wp-block-column-is-layout-flow\" style=\"flex-basis:33.33%\">\n<figure class=\"wp-block-image size-full\"><img loading=\"lazy\" decoding=\"async\" width=\"1080\" height=\"670\" src=\"https:\/\/eurobengale.com\/wp-content\/uploads\/2024\/09\/QualiopiLogo-1080x670-1.jpg\" alt=\"\" class=\"wp-image-1248\"\/><\/figure>\n<\/div>\n<\/div>\n\n\n\n<p><strong>SOMMAIRE <\/strong><\/p>\n\n\n\n<ul class=\"wp-block-list\">\n<li>E<a href=\"https:\/\/eurobengale.com\/wp-content\/uploads\/2024\/11\/EMPLOI-DU-TEMPS-NIVEAU-1.jpg\" data-type=\"link\" data-id=\"https:\/\/eurobengale.com\/wp-content\/uploads\/2024\/11\/EMPLOI-DU-TEMPS-NIVEAU-1.jpg\">mploi du temps<\/a> des formations du  niveau 1<\/li>\n\n\n\n<li><a href=\"https:\/\/eurobengale.com\/wp-content\/uploads\/2024\/11\/EMPLOI-DU-TEMPS-FORMATION.jpg\" data-type=\"attachment\" data-id=\"1308\">Emploi du temps<\/a> des formations du niveau 2<\/li>\n\n\n\n<li>Consultez les dates de nos <a href=\"https:\/\/eurobengale.com\/index.php\/2024\/02\/21\/dates-de-nos-prochaines-formations\/\">prochaines formations<\/a><\/li>\n\n\n\n<li><a href=\"https:\/\/eurobengale.com\/wp-content\/uploads\/2025\/10\/STATISTIQUES-FORMATION.pdf\">Indicateurs de r\u00e9sultat<\/a><\/li>\n\n\n\n<li>Les <a href=\"https:\/\/eurobengale.com\/index.php\/2024\/03\/25\/les-textes-a-connaitre\/\">textes \u00e0 connaitre<\/a><\/li>\n\n\n\n<li>Demande d&rsquo;<a href=\"https:\/\/eurobengale.com\/wp-content\/uploads\/2024\/02\/00-Formulaire-de-demande-prealable.pdf\">autorisation pr\u00e9alable<\/a> \u00e0 la formation<\/li>\n\n\n\n<li>T\u00e9l\u00e9chargez le <a href=\"https:\/\/eurobengale.com\/wp-content\/uploads\/2024\/02\/F08-23-FORMATION-niveau-1.pdf\">formulaire d\u2019inscription<\/a> : le lien suivant\u00a0le chiffre <a href=\"https:\/\/eurobengale.com\/wp-content\/uploads\/2025\/12\/30-31-mars-2026-niveau-1-Sauville.pdf\">1<\/a> \/ <a href=\"https:\/\/eurobengale.com\/wp-content\/uploads\/2025\/12\/2-3-avril-2026-Niveau-1-Sauville.pdf\">2<\/a> \/ <a href=\"https:\/\/eurobengale.com\/wp-content\/uploads\/2025\/12\/CONNANTRAY-niveau-1-11-12-avril-2026.pdf\">3<\/a> <\/li>\n\n\n\n<li><a href=\"https:\/\/eurobengale.com\/wp-content\/uploads\/2024\/11\/Pour-nous-contacter.jpg\" data-type=\"attachment\" data-id=\"1318\">Nous contacter<\/a><\/li>\n\n\n\n<li><a href=\"https:\/\/eurobengale.com\/index.php\/2024\/02\/21\/se-loger\/\">Se loger<\/a><\/li>\n\n\n\n<li><a href=\"https:\/\/eurobengale.com\/index.php\/2024\/02\/21\/tarifs-de-formations\/\">Les tarifs<\/a><\/li>\n<\/ul>\n\n\n\n<p class=\"has-text-align-left\">&nbsp;&nbsp;&nbsp;<strong> \u00c9valuation des connaissances acquises par l&rsquo;apprenant <em>via <\/em>deux \u00e9preuves<\/strong> :<\/p>\n\n\n\n<ul class=\"wp-block-list\">\n<li>une \u00e9preuve constitu\u00e9e d\u2019une \u00e9tude de cas d\u2019implantation d\u2019un spectacle pyrotechnique r\u00e9alis\u00e9e \u00e0 partir d\u2019un document papier suivie d\u2019un exercice pratique de montage sur le terrain. <\/li>\n\n\n\n<li>une \u00e9preuve constitu\u00e9e d\u2019un questionnaire dont les questions portent sur toutes les s\u00e9quences des fiches de formation relatives au niveau concern\u00e9.<\/li>\n<\/ul>\n\n\n\n<p>Le questionnaire peut comporter des questions \u00e0 choix multiples et\/ou des questions ouvertes.<\/p>\n\n\n\n<p>Les r\u00e9ponses incorrectes aux questions relatives aux objectifs not\u00e9s \u00ab (E) \u00bb sont \u00e9liminatoires.<\/p>\n\n\n\n<p>Le questionnaire est corrig\u00e9 avec une notation \u2013 1, 0, + 1 (un point de moins pour une mauvaise r\u00e9ponse). Les questionnaires sont revus r\u00e9guli\u00e8rement.<\/p>\n\n\n\n<p><a href=\"https:\/\/eurobengale.com\/\">Retour en page d&rsquo;accueil<\/a><\/p>\n\n\n\n<p><\/p>\n","protected":false},"excerpt":{"rendered":"<p>L&rsquo;objectif est de savoir mettre en \u0153uvre un spectacle pyrotechnique dans le respect des r\u00e8gles de s\u00e9curit\u00e9 et de r\u00e8glementation en vigueur. Euro Bengale est Organisme de formation au Certificat de qualification F4\/T2 P2 niveaux 1 et 2. Le certificat de qualification comporte 2 niveaux de formation (niveau 1 et niveau 2) qui d\u00e9terminent les [&hellip;]<\/p>\n","protected":false},"author":1,"featured_media":0,"parent":0,"menu_order":7,"comment_status":"closed","ping_status":"closed","template":"","meta":{"footnotes":""},"class_list":["post-527","page","type-page","status-publish","hentry"],"_links":{"self":[{"href":"https:\/\/eurobengale.com\/index.php\/wp-json\/wp\/v2\/pages\/527","targetHints":{"allow":["GET"]}}],"collection":[{"href":"https:\/\/eurobengale.com\/index.php\/wp-json\/wp\/v2\/pages"}],"about":[{"href":"https:\/\/eurobengale.com\/index.php\/wp-json\/wp\/v2\/types\/page"}],"author":[{"embeddable":true,"href":"https:\/\/eurobengale.com\/index.php\/wp-json\/wp\/v2\/users\/1"}],"replies":[{"embeddable":true,"href":"https:\/\/eurobengale.com\/index.php\/wp-json\/wp\/v2\/comments?post=527"}],"version-history":[{"count":38,"href":"https:\/\/eurobengale.com\/index.php\/wp-json\/wp\/v2\/pages\/527\/revisions"}],"predecessor-version":[{"id":1526,"href":"https:\/\/eurobengale.com\/index.php\/wp-json\/wp\/v2\/pages\/527\/revisions\/1526"}],"wp:attachment":[{"href":"https:\/\/eurobengale.com\/index.php\/wp-json\/wp\/v2\/media?parent=527"}],"curies":[{"name":"wp","href":"https:\/\/api.w.org\/{rel}","templated":true}]}}